{"id":2,"date":"2019-01-19T11:02:35","date_gmt":"2019-01-19T11:02:35","guid":{"rendered":"https:\/\/baixas.santclimentdellobregat.com\/?page_id=2"},"modified":"2019-03-27T17:05:17","modified_gmt":"2019-03-27T17:05:17","slug":"sample-page","status":"publish","type":"page","link":"https:\/\/baixas.santclimentdellobregat.com\/","title":{"rendered":"10\u00e8 ANIVERSARI AGERMANAMENT SANT CLIMENT + BAIX\u00c0S"},"content":{"rendered":"\n<figure class=\"wp-block-image\"><img loading=\"lazy\" decoding=\"async\" width=\"1024\" height=\"333\" src=\"https:\/\/baixas.santclimentdellobregat.com\/wp-content\/uploads\/2019\/03\/mosca-LOGO-PETIT-1-1024x333.jpg\" alt=\"\" class=\"wp-image-29\" srcset=\"https:\/\/baixas.santclimentdellobregat.com\/wp-content\/uploads\/2019\/03\/mosca-LOGO-PETIT-1-1024x333.jpg 1024w, https:\/\/baixas.santclimentdellobregat.com\/wp-content\/uploads\/2019\/03\/mosca-LOGO-PETIT-1-300x98.jpg 300w, https:\/\/baixas.santclimentdellobregat.com\/wp-content\/uploads\/2019\/03\/mosca-LOGO-PETIT-1-768x250.jpg 768w, https:\/\/baixas.santclimentdellobregat.com\/wp-content\/uploads\/2019\/03\/mosca-LOGO-PETIT-1.jpg 1181w\" sizes=\"auto, (max-width: 1024px) 100vw, 1024px\" \/><\/figure>\n\n\n\n<p>L\u2019Agermanament\nentre Baix\u00e0s i Sant Climent es va oficialitzar l\u2019any 2009 i durant aquests deu\nanys s\u00b4han realitzat &nbsp;nombroses&nbsp; activitats i visites entre les dues\npoblacions, amb la participaci\u00f3 d\u2019entitats i ve\u00efns, per tal d\u2019estr\u00e8nyer les\nrelacions entre baixanencs i climentons.<\/p>\n\n\n\n<p>Els\ndies 16 i 17 de mar\u00e7 una delegaci\u00f3 del nostre poble , formada per regidors i\nrepresentats &nbsp;de diferents entitats &nbsp;culturals vam assistir als actes de\ncommemoraci\u00f3 del 10\u00e8 Aniversari &nbsp;organitzats a &nbsp;Baix\u00e0s que, com sempre, ens van donar una\nmagn\u00edfica acollida.<\/p>\n\n\n\n<p>Els\nBastoners de Sant Climent van actuar en els actes realitzats el dissabte.<\/p>\n\n\n\n<p>En\nnom de tota la poblaci\u00f3 els hi v\u00e0rem entregar&nbsp;\nuna composici\u00f3 pict\u00f2rica realitzada per&nbsp;\nPere Soy , a partir de la qual el mateix artista ha creat el logo\ncommemoratiu del 10\u00e8 Aniversari.<\/p>\n\n\n\n<p>Els\npropers dies 4 i 5 de maig farem els actes de commemoraci\u00f3 a Sant Climent i en\nles pr\u00f2ximes setmanes editarem el programa d\u00b4actes en el que tots els ve\u00efns del\nnostre poble hi sou convidats .<\/p>\n\n\n\n<ul class=\"wp-block-gallery columns-3 is-cropped wp-block-gallery-1 is-layout-flex wp-block-gallery-is-layout-flex\"><li class=\"blocks-gallery-item\"><figure><img loading=\"lazy\" decoding=\"async\" width=\"1024\" height=\"768\" src=\"https:\/\/baixas.santclimentdellobregat.com\/wp-content\/uploads\/2019\/03\/bastoners-1-1024x768.jpg\" alt=\"\" data-id=\"28\" data-link=\"https:\/\/baixas.santclimentdellobregat.com\/index.php\/sample-page\/bastoners-2\/\" class=\"wp-image-28\" srcset=\"https:\/\/baixas.santclimentdellobregat.com\/wp-content\/uploads\/2019\/03\/bastoners-1-1024x768.jpg 1024w, https:\/\/baixas.santclimentdellobregat.com\/wp-content\/uploads\/2019\/03\/bastoners-1-300x225.jpg 300w, https:\/\/baixas.santclimentdellobregat.com\/wp-content\/uploads\/2019\/03\/bastoners-1-768x576.jpg 768w, https:\/\/baixas.santclimentdellobregat.com\/wp-content\/uploads\/2019\/03\/bastoners-1-1568x1176.jpg 1568w\" sizes=\"auto, (max-width: 1024px) 100vw, 1024px\" \/><\/figure><\/li><li class=\"blocks-gallery-item\"><figure><img loading=\"lazy\" decoding=\"async\" width=\"1024\" height=\"768\" src=\"https:\/\/baixas.santclimentdellobregat.com\/wp-content\/uploads\/2019\/03\/obsequi-QUADRE-1-1024x768.jpg\" alt=\"\" data-id=\"27\" data-link=\"https:\/\/baixas.santclimentdellobregat.com\/index.php\/sample-page\/obsequi-quadre-2\/\" class=\"wp-image-27\" srcset=\"https:\/\/baixas.santclimentdellobregat.com\/wp-content\/uploads\/2019\/03\/obsequi-QUADRE-1-1024x768.jpg 1024w, https:\/\/baixas.santclimentdellobregat.com\/wp-content\/uploads\/2019\/03\/obsequi-QUADRE-1-300x225.jpg 300w, https:\/\/baixas.santclimentdellobregat.com\/wp-content\/uploads\/2019\/03\/obsequi-QUADRE-1-768x576.jpg 768w, https:\/\/baixas.santclimentdellobregat.com\/wp-content\/uploads\/2019\/03\/obsequi-QUADRE-1-1568x1177.jpg 1568w, https:\/\/baixas.santclimentdellobregat.com\/wp-content\/uploads\/2019\/03\/obsequi-QUADRE-1.jpg 1599w\" sizes=\"auto, (max-width: 1024px) 100vw, 1024px\" \/><\/figure><\/li><li class=\"blocks-gallery-item\"><figure><img loading=\"lazy\" decoding=\"async\" width=\"1024\" height=\"768\" src=\"https:\/\/baixas.santclimentdellobregat.com\/wp-content\/uploads\/2019\/03\/BAIX\u00c0S-Rebuda-1024x768.jpg\" alt=\"\" data-id=\"23\" data-link=\"https:\/\/baixas.santclimentdellobregat.com\/index.php\/sample-page\/baixas-rebuda\/\" class=\"wp-image-23\" srcset=\"https:\/\/baixas.santclimentdellobregat.com\/wp-content\/uploads\/2019\/03\/BAIX\u00c0S-Rebuda-1024x768.jpg 1024w, https:\/\/baixas.santclimentdellobregat.com\/wp-content\/uploads\/2019\/03\/BAIX\u00c0S-Rebuda-300x225.jpg 300w, https:\/\/baixas.santclimentdellobregat.com\/wp-content\/uploads\/2019\/03\/BAIX\u00c0S-Rebuda-768x576.jpg 768w, https:\/\/baixas.santclimentdellobregat.com\/wp-content\/uploads\/2019\/03\/BAIX\u00c0S-Rebuda-1568x1177.jpg 1568w, https:\/\/baixas.santclimentdellobregat.com\/wp-content\/uploads\/2019\/03\/BAIX\u00c0S-Rebuda.jpg 1599w\" sizes=\"auto, (max-width: 1024px) 100vw, 1024px\" \/><\/figure><\/li><\/ul>\n\n\n\n\n\n<figure class=\"wp-block-embed-youtube wp-block-embed is-type-video is-provider-youtube wp-embed-aspect-16-9 wp-has-aspect-ratio\"><div class=\"wp-block-embed__wrapper\">\n<iframe loading=\"lazy\" title=\"5 aniversari Baix\u00e0s i Sant Climent\" width=\"640\" height=\"360\" src=\"https:\/\/www.youtube.com\/embed\/BVts5_yn3WQ?feature=oembed\" frameborder=\"0\" allow=\"accelerometer; autoplay; clipboard-write; encrypted-media; gyroscope; picture-in-picture; web-share\" referrerpolicy=\"strict-origin-when-cross-origin\" allowfullscreen><\/iframe>\n<\/div><\/figure>\n\n\n\n<figure class=\"wp-block-image\"><img loading=\"lazy\" decoding=\"async\" width=\"1024\" height=\"724\" src=\"https:\/\/baixas.santclimentdellobregat.com\/wp-content\/uploads\/2019\/01\/cerezas-Sant-Climent-1024x724.jpg\" alt=\"\" class=\"wp-image-5\" srcset=\"https:\/\/baixas.santclimentdellobregat.com\/wp-content\/uploads\/2019\/01\/cerezas-Sant-Climent-1024x724.jpg 1024w, https:\/\/baixas.santclimentdellobregat.com\/wp-content\/uploads\/2019\/01\/cerezas-Sant-Climent-300x212.jpg 300w, https:\/\/baixas.santclimentdellobregat.com\/wp-content\/uploads\/2019\/01\/cerezas-Sant-Climent-768x543.jpg 768w, https:\/\/baixas.santclimentdellobregat.com\/wp-content\/uploads\/2019\/01\/cerezas-Sant-Climent.jpg 1191w\" sizes=\"auto, (max-width: 1024px) 100vw, 1024px\" \/><\/figure>\n","protected":false},"excerpt":{"rendered":"<p>L\u2019Agermanament entre Baix\u00e0s i Sant Climent es va oficialitzar l\u2019any 2009 i durant aquests deu anys s\u00b4han realitzat &nbsp;nombroses&nbsp; activitats i visites entre les dues poblacions, amb la participaci\u00f3 d\u2019entitats i ve\u00efns, per tal d\u2019estr\u00e8nyer les relacions entre baixanencs i climentons. Els dies 16 i 17 de mar\u00e7 una delegaci\u00f3 del nostre poble , formada &hellip; <\/p>\n<p class=\"link-more\"><a href=\"https:\/\/baixas.santclimentdellobregat.com\/\" class=\"more-link\">Continua llegint <span class=\"screen-reader-text\">\u00ab10\u00e8 ANIVERSARI AGERMANAMENT SANT CLIMENT + BAIX\u00c0S\u00bb<\/span><\/a><\/p>\n","protected":false},"author":1,"featured_media":0,"parent":0,"menu_order":0,"comment_status":"closed","ping_status":"closed","template":"","meta":{"footnotes":""},"class_list":["post-2","page","type-page","status-publish","hentry","entry"],"_links":{"self":[{"href":"https:\/\/baixas.santclimentdellobregat.com\/index.php\/wp-json\/wp\/v2\/pages\/2","targetHints":{"allow":["GET"]}}],"collection":[{"href":"https:\/\/baixas.santclimentdellobregat.com\/index.php\/wp-json\/wp\/v2\/pages"}],"about":[{"href":"https:\/\/baixas.santclimentdellobregat.com\/index.php\/wp-json\/wp\/v2\/types\/page"}],"author":[{"embeddable":true,"href":"https:\/\/baixas.santclimentdellobregat.com\/index.php\/wp-json\/wp\/v2\/users\/1"}],"replies":[{"embeddable":true,"href":"https:\/\/baixas.santclimentdellobregat.com\/index.php\/wp-json\/wp\/v2\/comments?post=2"}],"version-history":[{"count":7,"href":"https:\/\/baixas.santclimentdellobregat.com\/index.php\/wp-json\/wp\/v2\/pages\/2\/revisions"}],"predecessor-version":[{"id":31,"href":"https:\/\/baixas.santclimentdellobregat.com\/index.php\/wp-json\/wp\/v2\/pages\/2\/revisions\/31"}],"wp:attachment":[{"href":"https:\/\/baixas.santclimentdellobregat.com\/index.php\/wp-json\/wp\/v2\/media?parent=2"}],"curies":[{"name":"wp","href":"https:\/\/api.w.org\/{rel}","templated":true}]}}

10è ANIVERSARI AGERMANAMENT SANT CLIMENT + BAIXÀS

<figure class="wp-block-image"><img loading="lazy" decoding="async" width="1024" height="333" src="https://baixas.santclimentdellobregat.com/wp-content/uploads/2019/03/mosca-LOGO-PETIT-1-1024x333.jpg" alt="" class="wp-image-29" srcset="https://baixas.santclimentdellobregat.com/wp-content/uploads/2019/03/mosca-LOGO-PETIT-1-1024x333.jpg 1024w, https://baixas.santclimentdellobregat.com/wp-content/uploads/2019/03/mosca-LOGO-PETIT-1-300x98.jpg 300w, https://baixas.santclimentdellobregat.com/wp-content/uploads/2019/03/mosca-LOGO-PETIT-1-768x250.jpg 768w, https://baixas.santclimentdellobregat.com/wp-content/uploads/2019/03/mosca-LOGO-PETIT-1.jpg 1181w" sizes="auto, (max-width: 1024px) 100vw, 1024px" /></figure>



<p>L’Agermanament
entre Baixàs i Sant Climent es va oficialitzar l’any 2009 i durant aquests deu
anys s´han realitzat &nbsp;nombroses&nbsp; activitats i visites entre les dues
poblacions, amb la participació d’entitats i veïns, per tal d’estrènyer les
relacions entre baixanencs i climentons.</p>



<p>Els
dies 16 i 17 de març una delegació del nostre poble , formada per regidors i
representats &nbsp;de diferents entitats &nbsp;culturals vam assistir als actes de
commemoració del 10è Aniversari &nbsp;organitzats a &nbsp;Baixàs que, com sempre, ens van donar una
magnífica acollida.</p>



<p>Els
Bastoners de Sant Climent van actuar en els actes realitzats el dissabte.</p>



<p>En
nom de tota la població els hi vàrem entregar&nbsp;
una composició pictòrica realitzada per&nbsp;
Pere Soy , a partir de la qual el mateix artista ha creat el logo
commemoratiu del 10è Aniversari.</p>



<p>Els
propers dies 4 i 5 de maig farem els actes de commemoració a Sant Climent i en
les pròximes setmanes editarem el programa d´actes en el que tots els veïns del
nostre poble hi sou convidats .</p>



<ul class="wp-block-gallery columns-3 is-cropped wp-block-gallery-1 is-layout-flex wp-block-gallery-is-layout-flex"><li class="blocks-gallery-item"><figure><img loading="lazy" decoding="async" width="1024" height="768" src="https://baixas.santclimentdellobregat.com/wp-content/uploads/2019/03/bastoners-1-1024x768.jpg" alt="" data-id="28" data-link="https://baixas.santclimentdellobregat.com/index.php/sample-page/bastoners-2/" class="wp-image-28" srcset="https://baixas.santclimentdellobregat.com/wp-content/uploads/2019/03/bastoners-1-1024x768.jpg 1024w, https://baixas.santclimentdellobregat.com/wp-content/uploads/2019/03/bastoners-1-300x225.jpg 300w, https://baixas.santclimentdellobregat.com/wp-content/uploads/2019/03/bastoners-1-768x576.jpg 768w, https://baixas.santclimentdellobregat.com/wp-content/uploads/2019/03/bastoners-1-1568x1176.jpg 1568w" sizes="auto, (max-width: 1024px) 100vw, 1024px" /></figure></li><li class="blocks-gallery-item"><figure><img loading="lazy" decoding="async" width="1024" height="768" src="https://baixas.santclimentdellobregat.com/wp-content/uploads/2019/03/obsequi-QUADRE-1-1024x768.jpg" alt="" data-id="27" data-link="https://baixas.santclimentdellobregat.com/index.php/sample-page/obsequi-quadre-2/" class="wp-image-27" srcset="https://baixas.santclimentdellobregat.com/wp-content/uploads/2019/03/obsequi-QUADRE-1-1024x768.jpg 1024w, https://baixas.santclimentdellobregat.com/wp-content/uploads/2019/03/obsequi-QUADRE-1-300x225.jpg 300w, https://baixas.santclimentdellobregat.com/wp-content/uploads/2019/03/obsequi-QUADRE-1-768x576.jpg 768w, https://baixas.santclimentdellobregat.com/wp-content/uploads/2019/03/obsequi-QUADRE-1-1568x1177.jpg 1568w, https://baixas.santclimentdellobregat.com/wp-content/uploads/2019/03/obsequi-QUADRE-1.jpg 1599w" sizes="auto, (max-width: 1024px) 100vw, 1024px" /></figure></li><li class="blocks-gallery-item"><figure><img loading="lazy" decoding="async" width="1024" height="768" src="https://baixas.santclimentdellobregat.com/wp-content/uploads/2019/03/BAIXÀS-Rebuda-1024x768.jpg" alt="" data-id="23" data-link="https://baixas.santclimentdellobregat.com/index.php/sample-page/baixas-rebuda/" class="wp-image-23" srcset="https://baixas.santclimentdellobregat.com/wp-content/uploads/2019/03/BAIXÀS-Rebuda-1024x768.jpg 1024w, https://baixas.santclimentdellobregat.com/wp-content/uploads/2019/03/BAIXÀS-Rebuda-300x225.jpg 300w, https://baixas.santclimentdellobregat.com/wp-content/uploads/2019/03/BAIXÀS-Rebuda-768x576.jpg 768w, https://baixas.santclimentdellobregat.com/wp-content/uploads/2019/03/BAIXÀS-Rebuda-1568x1177.jpg 1568w, https://baixas.santclimentdellobregat.com/wp-content/uploads/2019/03/BAIXÀS-Rebuda.jpg 1599w" sizes="auto, (max-width: 1024px) 100vw, 1024px" /></figure></li></ul>





<figure class="wp-block-embed-youtube wp-block-embed is-type-video is-provider-youtube wp-embed-aspect-16-9 wp-has-aspect-ratio"><div class="wp-block-embed__wrapper">
<iframe loading="lazy" title="5 aniversari Baixàs i Sant Climent" width="640" height="360" src="https://www.youtube.com/embed/BVts5_yn3WQ?feature=oembed" frameborder="0" allow="accelerometer; autoplay; clipboard-write; encrypted-media; gyroscope; picture-in-picture; web-share" referrerpolicy="strict-origin-when-cross-origin" allowfullscreen></iframe>
</div></figure>



<figure class="wp-block-image"><img loading="lazy" decoding="async" width="1024" height="724" src="https://baixas.santclimentdellobregat.com/wp-content/uploads/2019/01/cerezas-Sant-Climent-1024x724.jpg" alt="" class="wp-image-5" srcset="https://baixas.santclimentdellobregat.com/wp-content/uploads/2019/01/cerezas-Sant-Climent-1024x724.jpg 1024w, https://baixas.santclimentdellobregat.com/wp-content/uploads/2019/01/cerezas-Sant-Climent-300x212.jpg 300w, https://baixas.santclimentdellobregat.com/wp-content/uploads/2019/01/cerezas-Sant-Climent-768x543.jpg 768w, https://baixas.santclimentdellobregat.com/wp-content/uploads/2019/01/cerezas-Sant-Climent.jpg 1191w" sizes="auto, (max-width: 1024px) 100vw, 1024px" /></figure>

<p>L’Agermanament entre Baixàs i Sant Climent es va oficialitzar l’any 2009 i durant aquests deu anys s´han realitzat &nbsp;nombroses&nbsp; activitats i visites entre les dues poblacions, amb la participació d’entitats i veïns, per tal d’estrènyer les relacions entre baixanencs i climentons. Els dies 16 i 17 de març una delegació del nostre poble , formada &hellip; </p>
<p class="link-more"><a href="https://baixas.santclimentdellobregat.com/" class="more-link">Continua llegint <span class="screen-reader-text">«10è ANIVERSARI AGERMANAMENT SANT CLIMENT + BAIXÀS»</span></a></p>
